11
-123 (base 12) to base 10
-171
2 (base 12) to base 4
2
Convert 122 (base 3) to base 8.
21
-100 (base 7) to base 2
-110001
1 (base 4) to base 7
1
5 (base 15) to base 3
12
Convert -1 (base 5) to base 10.
-1
What is -51 (base 13) in base 3?
-2110
-36 (base 9) to base 4
-201
Convert -1 (base 9) to base 2.
-1
What is 11 (base 15) in base 16?
10
Convert -233 (base 10) to base 3.
-22122
What is 28 (base 14) in base 9?
40
What is 0 (base 8) in base 6?
0
Convert -21 (base 12) to base 5.
-100
What is 13 (base 10) in base 16?
d
What is -10 (base 3) in base 7?
-3
What is -18 (base 10) in base 5?
-33
-4 (base 8) to base 3
-11
Convert -12 (base 4) to base 16.
-6
-8 (base 10) to base 15
-8
What is 138 (base 10) in base 7?
255
Convert -18 (base 11) to base 14.
-15
Convert 122 (base 3) to base 13.
14
Convert 4 (base 14) to base 11.
4
-36 (base 8) to base 5
-110
135 (base 7) to base 15
50
Convert -3 (base 8) to base 13.
-3
-33 (base 15) to base 5
-143
101 (base 2) to base 3
12
-234 (base 10) to base 8
-352
Convert -24 (base 5) to base 4.
-32
What is 12 (base 15) in base 8?
21
Convert -300 (base 6) to base 12.
-90
Convert -4 (base 9) to base 16.
-4
Convert 3 (base 6) to base 3.
10
-10110 (base 2) to base 9
-24
0 (base 13) to base 7
0
1 (base 4) to base 5
1
Convert 5 (base 6) to base 9.
5
What is 2 (base 9) in base 15?
2
Convert -41 (base 10) to base 12.
-35
-9 (base 11) to base 6
-13
-4 (base 7) to base 16
-4
Convert 0 (base 6) to base 15.
0
What is -1000 (base 2) in base 16?
-8
Convert -4 (base 10) to base 11.
-4
-13 (base 15) to base 8
-22
Convert 17 (base 11) to base 15.
13
What is 43 (base 6) in base 7?
36
Convert -5 (base 16) to base 5.
-10
-161 (base 8) to base 10
-113
Convert -11 (base 3) to base 7.
-4
14 (base 11) to base 10
15
What is 13 (base 11) in base 12?
12
37 (base 12) to base 13
34
Convert -4 (base 10) to base 13.
-4
What is -2 (base 14) in base 3?
-2
-6 (base 7) to base 14
-6
Convert 2001 (base 4) to base 7.
243
5 (base 7) to base 5
10
What is 2 (base 9) in base 10?
2
What is 3 (base 7) in base 10?
3
What is -4d (base 16) in base 12?
-65
-75 (base 14) to base 2
-1100111
What is 2 (base 9) in base 15?
2
-112 (base 4) to base 12
-1a
Convert 3 (base 13) to base 6.
3
Convert 1001 (base 2) to base 5.
14
Convert 10 (base 4) to base 14.
4
-11 (base 5) to base 10
-6
What is 50 (base 7) in base 12?
2b
-123 (base 4) to base 3
-1000
Convert 5 (base 12) to base 11.
5
What is -6 (base 9) in base 2?
-110
Convert -3 (base 16) to base 4.
-3
What is -1004 (base 5) in base 3?
-11210
102 (base 5) to base 9
30
Convert -200 (base 3) to base 14.
-14
What is -202 (base 3) in base 11?
-19
Convert 111 (base 4) to base 15.
16
2 (base 8) to base 10
2
Convert -43 (base 7) to base 6.
-51
c (base 15) to base 3
110
-47 (base 12) to base 11
-50
Convert 6 (base 13) to base 3.
20
Convert -2 (base 3) to base 15.
-2
What is -76 (base 9) in base 2?
-1000101
Convert -4 (base 14) to base 11.
-4
Convert -45 (base 8) to base 16.
-25
Convert -321 (base 6) to base 16.
-79
Convert 1 (base 7) to base 4.
1
What is 40 (base 6) in base 15?
19
What is 11 (base 13) in base 14?
10
-1 (base 15) to base 12
-1
What is 1 (base 9) in base 16?
1
-4 (base 10) to base 14
-4
What is -43 (base 14) in base 15?
-3e
-143 (base 7) to base 4
-1100
What is 2011 (base 3) in base 16?
3a
Convert -254 (base 8) to base 2.
-10101100
-5 (base 9) to base 11
-5
What is 60 (base 9) in base 8?
66
Convert -68 (base 16) to base 11.
-95
What is -10 (base 3) in base 13?
-3
Convert 1 (base 8) to base 12.
1
What is 8 (base 16) in base 12?
8
-52 (base 14) to base 4
-1020
-220 (base 4) to base 7
-55
What is -41 (base 6) in base 12?
-21
24 (base 13) to base 14
22
-1 (base 5) to base 7
-1
-a (base 13) to base 6
-14
Convert 2 (base 16) to base 2.
10
What is -33 (base 7) in base 5?
-44
7 (base 13) to base 14
7
220 (base 7) to base 6
304
What is 23 (base 16) in base 3?
1022
Convert 15 (base 9) to base 6.
22
Convert -100012 (base 3) to base 4.
-3320
Convert 10 (base 14) to base 8.
16
Convert -92 (base 10) to base 8.
-134
Convert -301 (base 5) to base 13.
-5b
What is -66 (base 7) in base 8?
-60
221 (base 3) to base 14
1b
What is 4 (base 9) in base 8?
4
5 (base 14) to base 15
5
Convert -37 (base 16) to base 6.
-131
Convert 10 (base 2) to base 10.
2
Convert 12 (base 6) to base 13.
8
What is -110 (base 9) in base 5?
-330
What is -63 (base 7) in base 4?
-231
What is -103 (base 4) in base 10?
-19
3 (base 9) to base 15
3
What is 27 (base 10) in base 16?
1b
What is -1101111 (base 2) in base 14?
-7d
Convert -151 (base 10) to base 13.
-b8
-4 (base 13) to base 7
-4
1 (base 13) to base 6
1
Convert 372 (base 9) to base 16.
134
Convert 122 (base 5) to base 10.
37
Convert -401 (base 6) to base 4.
-2101
What is 8b (base 15) in base 10?
131
What is -1 (base 13) in base 14?
-1
6 (base 12) to base 8
6
-203 (base 9) to base 15
-b0
-211 (base 5) to base 6
-132
-26 (base 11) to base 16
-1c
64 (base 16) to base 11
91
Convert -104 (base 9) to base 4.
-1111
Convert 11 (base 9) to base 5.
20
Convert -10 (base 8) to base 10.
-8
What is 16 (base 12) in base 6?
30
-11 (base 2) to base 3
-10
Convert -24 (base 11) to base 12.
-22
Convert 16 (base 15) to base 9.
23
What is -3 (base 13) in base 10?
-3
-50 (base 11) to base 9
-61
111 (base 2) to base 7
10
2 (base 10) to base 9
2
Convert -6 (base 10) to base 6.
-10
Convert -1010111 (base 2) to base 4.
-1113
-11000 (base 2) to base 11
-22
347 (base 9) to base 13
190
16 (base 12) to base 16
12
Convert -297 (base 10) to base 11.
-250
What is 1 (base 3) in base 2?
1
What is 122 (base 4) in base 6?
42
10 (base 13) to base 4
31
-1 (base 10) to base 7
-1
Convert c0 (base 14) to base 10.
168
-96 (base 10) to base 2
-1100000
8 (base 10) to base 7
11
What is -20 (base 9) in base 14?
-14
What is 1100 (base 3) in base 5?
121
Convert -1 (base 15) to base 9.
-1
Convert -44 (base 16) to base 12.
-58
What is -145 (base 16) in base 10?
-325
Convert 1 (base 8) to base 5.
1
Convert 64 (base 9) to base 8.
72
What is 11 (base 5) in base 4?
12
What is 2 (base 5) in base 13?
2
What is -101000 (base 2) in base 11?
-37
Convert 3 (base 10) to base 5.
3
What is 19 (base 11) in base 9?
22
What is -10 (base 8) in base 11?
-8
9 (base 16) to base 5
14
What is -b3 (base 12) in base 14?
-99
Convert 2 (base 7) to base 4.
2
What is 0 (base 9) in base 3?
0
0 (base 15) to base 14
0
What is -211 (base 6) in base 11?
-72
Convert 5 (base 9) to base 14.
5
What is 4 (base 10) in base 11?
4
What is -1 (base 10) in base 16?
-1
Convert 119 (base 16) to base 7.
551
Convert -1a (base 16) to base 8.
-32
-35 (base 14) to base 13
-38
What is 27 (base 10) in base 9?
30
Convert -5b (base 14) to base 16.
-51
Convert 43 (base 11) to base 8.
57
What is 7 (base 16) in base 5?
12
123 (base 9) to base 2
1100110
What is 21 (base 5) in base 16?
b
Convert 1 (base 15) to base 9.
1
1 (base 2) to base 6
1
What is 1 (base 2) in base 5?
1
102 (base 3) to base 12
b
55 (base 10) to base 7
106
151 (base 7) to base 10
85
Convert 4 (base 8) to base 6.
4
What is 79 (base 13) in base 9?
121
What is -101 (base 2) in base 16?
-5
-10 (base 4) to base 6
-4
-31 (base 9) to base 5
-103
What is -1 (base 10) in base 14?
-1
3 (base 14) to base 6
3
What is 101100 (base 2) in base 14?
32
-53 (base 7) to base 16
-26
What is -9 (base 13) in base 14?
-9
Convert 1012 (base 4) to base 13.
55
1 (base 15) to base 13
1
What is -21 (base 12) in base 13?
-1c
-b (base 16) to base 3
-102
-4 (base 15) to base 3
-11
Convert -3 (base 9) to base 8.
-3
Convert 13 (base 5) to base 4.
20
3 (base 9) to base 16
3
What is -12 (base 4) in base 16?
-6
20 (base 3) to base 8
6
3 (base 8) to base 2
11
13 (base 10) to base 11
12
What is -3 (base 11) in base 4?
-3
70 (base 12) to base 16
54
Convert 46 (base 7) to base 2.
100010
What is 1 (base 3) in base 4?
1
What is 0 (base 16) in base 15?
0
What is -1 (base 10) in base 5?
-1
What is 41 (base 6) in base 7?
34
Convert -103 (base 4) to base 9.
-21
Convert -22 (base 5) to base 12.
-10
-51 (base 12) to base 2
-111101
What is -1e (base 16) in base 8?
-36
Convert -2 (base 10) to base 15.
-2
Convert 7 (base 8) to base 11.
7
-1011 (base 2) to base 11
-10
-b (base 12) to base 10
-11
-14 (base 16) to base 2
-10100
What is -2b (base 16) in base 8?
-53
-13 (base 4) to base 8
-7
Conve